{"id":27944,"date":"2025-05-07T10:08:30","date_gmt":"2025-05-07T07:08:30","guid":{"rendered":"http:\/\/demirayforklift.com\/?post_type=product&#038;p=27944"},"modified":"2025-05-30T15:02:41","modified_gmt":"2025-05-30T12:02:41","slug":"cift-varil-atasman","status":"publish","type":"product","link":"https:\/\/demirayforklift.com\/index.php\/urun\/cift-varil-atasman\/","title":{"rendered":"\u00c7ift Var\u0131l Ata\u015fman"},"content":{"rendered":"<p>aofeohfo\u0131efw<\/p>\n","protected":false},"excerpt":{"rendered":"<p>segsef<\/p>\n","protected":false},"featured_media":28099,"template":"","meta":[],"product_brand":[78],"product_cat":[89],"product_tag":[],"class_list":{"0":"post-27944","1":"product","2":"type-product","3":"status-publish","4":"has-post-thumbnail","6":"product_brand-demiray-forklift","7":"product_cat-atasman","9":"first","10":"instock","11":"shipping-taxable","12":"purchasable","13":"product-type-simple"},"_links":{"self":[{"href":"https:\/\/demirayforklift.com\/index.php\/wp-json\/wp\/v2\/product\/27944","targetHints":{"allow":["GET"]}}],"collection":[{"href":"https:\/\/demirayforklift.com\/index.php\/wp-json\/wp\/v2\/product"}],"about":[{"href":"https:\/\/demirayforklift.com\/index.php\/wp-json\/wp\/v2\/types\/product"}],"version-history":[{"count":4,"href":"https:\/\/demirayforklift.com\/index.php\/wp-json\/wp\/v2\/product\/27944\/revisions"}],"predecessor-version":[{"id":28100,"href":"https:\/\/demirayforklift.com\/index.php\/wp-json\/wp\/v2\/product\/27944\/revisions\/28100"}],"wp:featuredmedia":[{"embeddable":true,"href":"https:\/\/demirayforklift.com\/index.php\/wp-json\/wp\/v2\/media\/28099"}],"wp:attachment":[{"href":"https:\/\/demirayforklift.com\/index.php\/wp-json\/wp\/v2\/media?parent=27944"}],"wp:term":[{"taxonomy":"product_brand","embeddable":true,"href":"https:\/\/demirayforklift.com\/index.php\/wp-json\/wp\/v2\/product_brand?post=27944"},{"taxonomy":"product_cat","embeddable":true,"href":"https:\/\/demirayforklift.com\/index.php\/wp-json\/wp\/v2\/product_cat?post=27944"},{"taxonomy":"product_tag","embeddable":true,"href":"https:\/\/demirayforklift.com\/index.php\/wp-json\/wp\/v2\/product_tag?post=27944"}],"curies":[{"name":"wp","href":"https:\/\/api.w.org\/{rel}","templated":true}]}}